{"id":34,"date":"2025-02-21T14:05:54","date_gmt":"2025-02-21T13:05:54","guid":{"rendered":"https:\/\/juwax.pl\/?page_id=34"},"modified":"2025-03-01T03:07:33","modified_gmt":"2025-03-01T02:07:33","slug":"jak-wybrac-karton","status":"publish","type":"page","link":"https:\/\/juwax.pl\/?page_id=34","title":{"rendered":"Jak wybra\u0107 karton?"},"content":{"rendered":"\n<div class=\"wp-block-group alignfull has-global-padding is-layout-constrained wp-container-core-group-is-layout-bda3ab8c wp-block-group-is-layout-constrained\" style=\"margin-top:var(--wp--preset--spacing--60);margin-bottom:var(--wp--preset--spacing--60);padding-right:var(--wp--preset--spacing--50);padding-left:var(--wp--preset--spacing--50)\">\n<div class=\"wp-block-group alignwide has-global-padding is-layout-constrained wp-block-group-is-layout-constrained\">\n<div class=\"wp-block-query has-global-padding is-layout-constrained wp-block-query-is-layout-constrained\"><\/div>\n\n\n\n<ul class=\"wp-block-list\">\n<li>wymiarami (najpierw podajemy najd\u0142u\u017cszy bok podstawy, potem szeroko\u015b\u0107 i jako trzeci wymiar wysoko\u015b\u0107)<\/li>\n\n\n\n<li>kszta\u0142tem opakowania ( wszystkie podstawowe wzory znajduj\u0105 si\u0119 w katalogu FEFCO)<\/li>\n\n\n\n<li>rodzajem tektury (parametr kt\u00f3ry najbardziej wp\u0142ywa na cen\u0119)<\/li>\n\n\n\n<li>wygl\u0105dem zewn\u0119trznym opakowania &#8211; tektura bia\u0142a czy szara, czy z nadrukiem je\u015bli tak to jakim:\n<ul class=\"wp-block-list\">\n<li>flexografia (2-3 kolorowy,najta\u0144szy przy du\u017cych ilo\u015bciach)<\/li>\n\n\n\n<li>&nbsp;offset (najwy\u017csza jako\u015b\u0107 nadruku, por\u00f3wnywalna do zdj\u0119cia)<\/li>\n\n\n\n<li>sitodruk (1-2 kolory przy wielkogabarytowych opakowaniach)<\/li>\n\n\n\n<li>kaszerowanie (naklejanie gotowego plakatu na karton)<\/li>\n<\/ul>\n<\/li>\n<\/ul>\n\n\n\n<p>Aby wybra\u0107 optymalny rodzaj tektury do opakowania najwa\u017cniejsze s\u0105 dwa czynniki:<\/p>\n\n\n\n<ul class=\"wp-block-list\">\n<li>waga produktu (do spakowania flakonika perfum stosujemy tektur\u0119 3-warstwow\u0105 fala E 300 gram a do 3-osobowej kanapy 5 warstwow\u0105 BC 1200gram)<\/li>\n\n\n\n<li>oraz spos\u00f3b przechowywania i transportowania (czym trudniejsze warunki tym wy\u017csza gramatura)<\/li>\n<\/ul>\n\n\n\n<figure class=\"wp-block-image size-full is-resized\"><img loading=\"lazy\" decoding=\"async\" width=\"612\" height=\"408\" src=\"https:\/\/juwax.pl\/wp-content\/uploads\/2025\/03\/istockphoto-1192313124-612x612-1.jpg\" alt=\"\" class=\"wp-image-109\" style=\"aspect-ratio:16\/9;object-fit:cover;width:680px;height:auto\" srcset=\"https:\/\/juwax.pl\/wp-content\/uploads\/2025\/03\/istockphoto-1192313124-612x612-1.jpg 612w, https:\/\/juwax.pl\/wp-content\/uploads\/2025\/03\/istockphoto-1192313124-612x612-1-300x200.jpg 300w\" sizes=\"auto, (max-width: 612px) 100vw, 612px\" \/><\/figure>\n<\/div>\n<\/div>\n","protected":false},"excerpt":{"rendered":"<p>Aby wybra\u0107 optymalny rodzaj tektury do opakowania najwa\u017cniejsze s\u0105 dwa czynniki:<\/p>\n","protected":false},"author":1,"featured_media":0,"parent":0,"menu_order":0,"comment_status":"closed","ping_status":"closed","template":"","meta":{"footnotes":""},"class_list":["post-34","page","type-page","status-publish","hentry"],"_links":{"self":[{"href":"https:\/\/juwax.pl\/index.php?rest_route=\/wp\/v2\/pages\/34","targetHints":{"allow":["GET"]}}],"collection":[{"href":"https:\/\/juwax.pl\/index.php?rest_route=\/wp\/v2\/pages"}],"about":[{"href":"https:\/\/juwax.pl\/index.php?rest_route=\/wp\/v2\/types\/page"}],"author":[{"embeddable":true,"href":"https:\/\/juwax.pl\/index.php?rest_route=\/wp\/v2\/users\/1"}],"replies":[{"embeddable":true,"href":"https:\/\/juwax.pl\/index.php?rest_route=%2Fwp%2Fv2%2Fcomments&post=34"}],"version-history":[{"count":6,"href":"https:\/\/juwax.pl\/index.php?rest_route=\/wp\/v2\/pages\/34\/revisions"}],"predecessor-version":[{"id":116,"href":"https:\/\/juwax.pl\/index.php?rest_route=\/wp\/v2\/pages\/34\/revisions\/116"}],"wp:attachment":[{"href":"https:\/\/juwax.pl\/index.php?rest_route=%2Fwp%2Fv2%2Fmedia&parent=34"}],"curies":[{"name":"wp","href":"https:\/\/api.w.org\/{rel}","templated":true}]}}